digit of s?
9
Let q be (-58)/(-14) + 6/(-42). Suppose q*j - 4 = 2*b, 3*b - 13 = -1. What is the units digit of j?
3
Let w(t) = -12*t - 3. Let p be w(-1). Suppose 0 = -3*a + 4*a - p. What is the units digit of a?
9
Let j(m) = m + 5. Let f be j(-3). Suppose -2*p = -3*p + f. Suppose 2*v = -p*c - 8, -2*v - 3*c = c + 18. What is the units digit of v?
1
Suppose -8 = -5*o + 2. Suppose o*r + r - 9 = 0. Suppose 0 = -r*g - g + 100. What is the tens digit of g?
2
Let i = 2 - -3. Let m(b) = -b**2 + 2*b - 4. Let f be m(i). Let y = f + 44. What is the tens digit of y?
2
Let n(u) = 2*u + 12. Let t be n(-5). Suppose 0*o - 5*o = 0. Suppose o*c - t = -c. What is the units digit of c?
2
Suppose 6*d - 12 - 36 = 0. Suppose -d = 2*r - 22. What is the units digit of r?
7
Let j(h) = -17*h + 77. What is the units digit of j(-4)?
5
What is the units digit of 25/(-75) + (-10328)/36*-6?
1
Suppose 0 = -27*r + 7*r + 35200. What is the units digit of r?
0
Suppose 8*d + 9 = 11*d. Suppose -2*g - g = -d, -926 = -4*t - 2*g. What is the tens digit of t?
3
Suppose 0 = 8*s - 21*s + 39741. What is the units digit of s?
7
Suppose -20978 = -0*a - 17*a. What is the units digit of a?
4
Suppose -n = -22*n + 20979. What is the hundreds digit of n?
9
Let g(y) = y**3 + 5*y**2 - 12*y - 7. What is the tens digit of g(-5)?
5
Let h(j) = j**3 - 11*j**2 - 8*j - 11. Let m(q) = 6*q + 36. Let g be m(-4). What is the tens digit of h(g)?
3
Suppose -r = r + r. Suppose 3*x + 210 = g, 2*g = -r*x + 2*x + 408. What is the units digit of g?
1
Let g = 52 - 37. Suppose -4*c = -22*c + 180. Let q = g - c. What is the units digit of q?
5
Let k be 5/((2/4)/1). Let h be -1 + (-16)/(-12) - 10/(-6). Suppose 0 = q - 4*n - k, 0 = 2*n + h*n + 8. What is the units digit of q?
2
Let l be 3 - ((-8)/6)/4*33. What is the units digit of 200/l + ((-130)/(-35) - 4)?
4
Let t(c) = c. Let i be t(4). Suppose 2*g = -i*z - 2*g + 436, -415 = -4*z + 3*g. Suppose -3*s - 25 = -z. What is the units digit of s?
7
What is the tens digit of (3 - (-13)/(-4))*-188?
4
Suppose 7953 = 14*y - 9799. What is the units digit of y?
8
Let a(n) = n + 12. Let i be a(-10). Suppose i*t + 3*t = 190. What is the units digit of t?
8
What is the hundreds digit of (-130630)/(-40) + 6/(-8)*1?
2
Suppose -9*y + 12*y - 15 = 0. What is the units digit of ((-19)/y)/((-7)/35)?
9
Let i(b) = -2*b - 5. Let n be i(-3). Let f(v) = 11*v - n - 8*v + 11. What is the units digit of f(9)?
7
Let c be 4/14 - 9/((-126)/6226). Suppose 6*m = m + c. What is the tens digit of m?
8
Let h = -279 + 1010. Suppose 2*q = 0, q - h + 79 = -4*o. What is the units digit of o?
3
Suppose -5*d + 4*m - 3*m = -548, 100 = d - 5*m. What is the hundreds digit of d?
1
Let w(d) = -2*d**3 - 15*d**2 - 25*d - 63. What is the hundreds digit of w(-9)?
4
Let y(p) = -15*p**3 + 7*p**2 + 2*p + 1. What is the thousands digit of y(-4)?
1
Let i(z) = 3*z + 454. What is the hundreds digit of i(-43)?
3
Suppose -8*x + 10*x = 970. What is the units digit of x?
5
Let z be (20/(-50))/(2/(-185)). Suppose 3*j + z - 397 = 0. What is the tens digit of j?
2
Suppose 0*o + 3*m - 35 = -2*o, 0 = -3*o + 4*m + 10. Suppose -x = -2*x + o. Let f(h) = 6*h + 21. What is the units digit of f(x)?
1
Let w(s) be the third derivative of 0*s - 23/6*s**3 - 1/60*s**5 + 2/3*s**4 + 9*s**2 + 0. What is the units digit of w(11)?
2
Let r(n) = 0*n**2 + 4 - 8*n + 5*n**2 + 13*n - 10. Let f(q) = q + 5. Let g be f(-3). What is the tens digit of r(g)?
2
Suppose -15 = -9*z + 4*z. Suppose -n + 58 = -z. What is the units digit of n?
1
What is the hundreds digit of -2 - -3 - 4 - (-8 - 965)?
9
Let o(f) = 3*f**2 + 14*f - 20. Let r(g) = -2*g**2 - 9*g + 13. Let k(w) = -5*o(w) - 7*r(w). Let t be k(-6). Suppose 5 - t = -u. What is the tens digit of u?
1
Let c = 16 + -11. Suppose 4*d + c*p + 80 = 0, 6*p - 3*p = 0. Let a = d + 29. What is the units digit of a?
9
Let m(k) = -k**3 + k - 1. Let p(b) = -4*b**3 - 4*b**2 + 9*b - 6. Let h(d) = 6*m(d) - p(d). Let f be h(2). Let g = f + 37. What is the tens digit of g?
3
Suppose -8*v - 14 = -22. What is the units digit of v?
1
Let g(n) be the third derivative of -n**6/120 - n**5/60 + n**4/24 - n**3/6 + 5*n**2. What is the units digit of g(-4)?
3
Let q = 848 - 434. Suppose 0 = -3*v - 6*v + q. What is the tens digit of v?
4
Suppose 5*n = 4*i - 11 - 5, -2*n + 20 = 5*i. Suppose -x = -i + 1. What is the tens digit of 84/x + 3 + -1?
3
Let j = 102 - 48. What is the units digit of j?
4
Let d = 19 - -9. Suppose -9*n - 1 = -37. Suppose -16 = -n*y + d. What is the units digit of y?
1
Let h be (-12)/8*4/3. Let i = 61 - 15. What is the units digit of i + -4*(1 + h)?
0
Suppose 2*d = 3*d - 8. Let g(p) = -p**2 + 7*p**3 + 0 - 1 + 7*p**2 - d*p**3 - p. What is the tens digit of g(3)?
2
Suppose 0 = 55*p - 49*p - 25938. What is the units digit of p?
3
Let f(j) = -12 - 8*j - j**2 + 9*j**2 - j**3 + 3. What is the units digit of f(5)?
6
Suppose -41 = -4*a - 5*k + 58, 2*a + 4*k = 54. Suppose 3*t + 235 = 5*m, -5*t - 4 = a. What is the units digit of m?
4
Suppose 6*o = 4*o + 1470. Suppose -310 - o = -5*f. What is the tens digit of 185/11 + 38/f?
1
Let o(p) = -p**2 + 8*p + 6. Suppose -f + 4*c + 11 = 0, 7*f - 5*c = 4*f + 19. Suppose -f*s + 4*m + 28 = 0, s + 3*m - 21 = -2*s. What is the units digit of o(s)?
6
Let h(r) = 893*r + 2. What is the tens digit of h(1)?
9
Let n = 4038 - 2094. What is the thousands digit of n?
1
Let s = 87 - -9. Suppose 0*o + s = 2*o. What is the units digit of o?
8
Let k be 3/((-5)/(20/6)). Let h be k - ((210 - 4) + 3). Let u = -136 - h. What is the tens digit of u?
7
Let t(f) = -2*f**2 + 8*f - 3. Suppose 3 = 2*b - 3. Let j be t(b). What is the units digit of j - (-4 - -3)/(-1)?
2
Let n = -33 - -31. Let a be (4 - (-141)/(-2))*n. Suppose 0 = 5*g - 333 + a. What is the tens digit of g?
4
What is the tens digit of (-30100)/(-21) - 4/3?
3
Suppose -3*s = -3*o + 135, 4*s + 55 = o + 5*s. Let r = -35 + o. What is the tens digit of r?
1
Let f(o) be the third derivative of o**7/840 + o**6/60 - o**5/10 + o**3/3 + 7*o**2. Let m(h) be the first derivative of f(h). What is the tens digit of m(-6)?
7
Let d be (-2)/((-383)/655 + 3/5). Let n = -50 - d. What is the tens digit of n?
8
Suppose -5*s = -25, s - 32 = -4*q - 3*s. What is the units digit of 900/14 + q + (-4)/14?
7
Let n(v) be the third derivative of -5*v**4/4 + 7*v**3/6 + 11*v**2. Let w be n(-5). Let u = w + -86. What is the units digit of u?
1
Suppose -9426 = -4*a + 2*m, -5*a + 17*m = 13*m - 11778. What is the thousands digit of a?
2
Suppose -16 = 3*b + b, -q + b + 1228 = 0. What is the units digit of q?
4
Suppose -g = x - 0*x - 6, 5*g - 24 = -3*x. Suppose 3*v = x*o - 267, 448 = -2*o + 7*o - 4*v. What is the tens digit of o?
9
Let a = 961 - 466. What is the hundreds digit of a?
4
Suppose 8*b = 11*b - 552. Suppose -301 = -0*o - 5*o - 4*i, -i = -3*o + b. What is the tens digit of o?
6
Suppose i - 2 = -3. Let s = 5 - i. Suppose 5*d - 3*d = s. What is the units digit of d?
3
Let f(o) = -2*o**2 + 17*o - 1. Let k be f(8). Let a(s) be the second derivative of s**4/6 - s**3 + 5*s**2/2 - s. What is the tens digit of a(k)?
6
Let d = 31 - 36. Let b(s) = -s**2 - 9*s - 10. Let h be b(d). Let k = h - -20. What is the units digit of k?
0
Suppose -2*b - 5 = -15, 3*b = 2*n + 15. Suppose -4*l = -n*x + x + 9, 5*x - 47 = 3*l. What is the units digit of x?
7
Let f = -80 + 31. Let b = -32 - f. What is the units digit of b?
7
Suppose -3*h - 1150 = -c + 109, 4*c + 3*h = 5111. What is the hundreds digit of c?
2
Let b = -259 + 543. Suppose 3*r - b = -74. What is the units digit of r?
0
Let v(x) = x**2 + 3*x - 5. Let m be v(-5). Suppose -3*p + m = -2*r - 39, 0 = -r - 1. What is the tens digit of p/21 - 98/(-6)?
1
Suppose -4*u + 1 = x, 3 + 5 = x - 3*u. Suppose -73 - 197 = -x*t. What is the tens digit of t?
5
Let o(k) = 208*k**3 - 2*k**2 - 3*k + 5. What is the units digit of o(1)?
8
Let s = -583 - -1257. What is the tens digit of s?
7
Let m be 2 + -3 + (-224 - -2). Let v = 13 - m. What is the tens digit of v?
3
Let m be ((-36)/(-54))/((-1)/87). Let z = m + 135. What is the units digit of z?
7
Let n(s) = -2*s + 16. Let q be n(6). Suppose q*p = -g + 182 + 15, -59 = -p + 3*g. Suppose 172 = 2*w + p. What is the tens digit of w?
6
Let z(m) = -4 + m**3 + 29*m - 29*m - m**2 + 6*m**2. Let w be z(-4). Suppose -y + 4*a 